*p = -p + 64. What is the remainder when 334 is divided by p?
14
Let s(q) = -31*q + 311. Calculate the remainder when 222 is divided by s(8).
33
Let f(m) = 10*m - 56. Calculate the remainder when f(15) is divided by 59.
35
Suppose -5*u + 20 = 5*i, -3*u + 4 = 4*i - 10. Calculate the remainder when 18 is divided by u.
0
Let i(t) = 8*t - 14. Calculate the remainder when i(11) is divided by 13.
9
What is the remainder when 316 is divided by 48 + 4 - (-5 + 4)?
51
Calculate the remainder when 145 is divided by (1 - 9 - -6) + (85 - 2).
64
Let q(m) = 14*m - 32. Calculate the remainder when 467 is divided by q(6).
51
Suppose -235 = -3*r + o - 0*o, -157 = -2*r + o. Calculate the remainder when (-40)/(-100) - (0 + r/(-5)) is divided by 11.
5
Suppose -2*t = t. Suppose -f + 4*f - 135 = t. Calculate the remainder when f is divided by (2 + 25/(-10))/(1/(-24)).
9
Suppose 54 = 3*v - 3*s, 0*v = 3*v + s - 70. What is the remainder when (-6)/(-15) + 646/10 is divided by v?
21
Let z = 4 + -2. Suppose -z*o - 317 = 2*u - 7*u, 3*o = 4*u - 255. Suppose 0 = -3*j - 9, k + u = 2*k - 4*j. What is the remainder when k is divided by 18?
15
Suppose 4*c + 209 = -0*c + w, 2*w = c + 47. Let x = -18 - c. What is the remainder when x is divided by 12?
11
Let d(h) = 5*h - 42. What is the remainder when 573 is divided by d(10)?
5
Let x(g) = -g**3 + 10*g**2 + 10*g - 23. Let l = 65 - 27. Let j = l + -28. Calculate the remainder when x(j) is divided by 16.
13
Calculate the remainder when (18/(7 - 1))/(3/11) is divided by 8.
3
Suppose -o = 97*n - 92*n - 208, 0 = 5*n - 3*o - 196. Suppose -2*s = -29 - 13. What is the remainder when n is divided by s?
20
Let x(j) = -j + 26. Calculate the remainder when x(8) is divided by 4.
2
Suppose -70 = 2*w - 4*w. Suppose -b = -5*c - 19, -2*b - 2*c = -1 - 1. Suppose -2*y + b = -14. What is the remainder when w is divided by y?
8
Let p = 657 - 471. Calculate the remainder when p is divided by 32.
26
Calculate the remainder when 743 is divided by (-116)/(-18) + (-13)/((-234)/(-8)).
5
Let o(p) = 3*p**2 - 4*p + 2. Let g be o(3). Suppose -5*j = -3 - g. Let d = 6 + j. Calculate the remainder when d is divided by 3.
1
Let v(c) = 2*c**2 - 10*c + 9. Let z = 266 + -254. What is the remainder when v(8) is divided by z?
9
Let l = -10 - -12. Suppose l*h - 62 = 14. Let z = h + -21. Calculate the remainder when 31 is divided by z.
14
Suppose 187*u = 183*u + 48. Let n = -72 - -116. What is the remainder when n is divided by u?
8
Suppose -167 = -5*b - 32. Calculate the remainder when ((4 + -5)*78)/(-1) is divided by b.
24
Let x(p) = -p**3 - 7*p**2 - 2*p + 1. Suppose 5*w + 2*q + 29 = -0*w, 0 = 4*w - 2*q + 34. What is the remainder when 72 is divided by x(w)?
12
Suppose 0 = -0*g - 2*g + 240. Suppose 5*n = -3*m + 990, -5*n + 1018 = -3*m + 58. Let v = n - g. Calculate the remainder when v is divided by 39.
36
Suppose 12*b - 10*b = 46. Calculate the remainder when 160 is divided by b.
22
Suppose -4*j + 5*j = 6. Let c = 8 + -4. Suppose c*x = 4*k - 44, -5*x = -3*k + 7 + 26. Calculate the remainder when k is divided by j.
5
Suppose 0 = 2*l + 24 - 34. Suppose f = -s + 12, l*s - f = 4*f + 50. What is the remainder when 28 is divided by s?
6
What is the remainder when (-198*(2 + 0) - -2)*-1 is divided by 36?
34
Let o = -168 - -239. Calculate the remainder when o is divided by 37.
34
Let b = 154 - 23. Suppose -20 = -m - 2*c - 9, 3*c = -m + 7. What is the remainder when b is divided by m?
17
Let j(z) = 2*z**2 + 4*z - 6. Let t = 22 + -27. Let g be j(t). Suppose -4*h = -h - g. What is the remainder when 13 is divided by h?
5
Suppose -3*n = -0*n - 15. Let r(a) = a**2 - 7*a - 19. What is the remainder when r(11) is divided by (6 + (n - 2))/1?
7
Suppose -115 = -13*u + 197. What is the remainder when 250 is divided by u?
10
Calculate the remainder when 150 is divided by -1 + 1 + 21 - 2.
17
Suppose 83*u = 98*u - 180. What is the remainder when -3 - -5 - (-18)/1 is divided by u?
8
Calculate the remainder when 65 is divided by 68/(-170) + 1 + (-104)/(-10).
10
Let u(g) = -g**2 - 25*g - 24. Let r be u(-23). Let m = -10 + r. What is the remainder when 67 is divided by m?
7
Let y be 74 - (1/3*3)/(-1). Let x = -53 + y. Calculate the remainder when 63 is divided by x.
19
Let w = -44 + 52. Let q = -17 - -29. What is the remainder when (1 + (-12)/w)*-56 is divided by q?
4
Let l = -2108 - -2289. What is the remainder when l is divided by 22?
5
Let c(q) = 3*q**2 - 2*q - 2. Let l be c(-1). Suppose 158 = 5*k + l*y, -2*k - 2*y + 4*y + 60 = 0. What is the remainder when 117 is divided by k?
24
Suppose -5*k + 84 = 3*i - 58, -3*k = -3*i - 66. Calculate the remainder when 67 is divided by k.
15
What is the remainder when 6584/16 + ((-14)/4 - -4) is divided by 32?
28
Suppose 85*i - 77*i - 264 = 0. Suppose 3*l + 4*w - 92 = -l, 5 = w. Calculate the remainder when i is divided by l.
15
Suppose 4*l - 255 = -59. What is the remainder when l is divided by 9?
4
Let u = 219 - 117. What is the remainder when u is divided by (-1)/(-2) - (-1935)/270 - 4/(-12)?
6
Suppose 0 = 3*y - 2*u - 269, 0 = 2*y - u - 4*u - 161. Calculate the remainder when y is divided by 14.
9
Calculate the remainder when 63 is divided by ((-27)/(-4))/(1 - (-6)/(-8)).
9
Let h be (2/4)/((-2)/(-164)). Let k = h + -24. Let w(j) = -16*j - 63. What is the remainder when w(-6) is divided by k?
16
Suppose 9*r = 3*h + 5*r - 53, -4*r = 3*h - 37. What is the remainder when 508 is divided by h?
13
Suppose 3*u + 71 = -2*p + 7*p, 0 = p + u - 11. Let m be 4*4/(16/42). Calculate the remainder when p is divided by ((-12)/(-14))/(9/m).
1
Let r(k) = -7*k + 6*k + 17*k - 1. Suppose -4*y = -u - 73, 2*u = -3*y + 26 + 15. What is the remainder when r(2) is divided by y?
14
Suppose -a - 4*r - 4 = -0, 1 = -2*a - r. Suppose a = 4*x + 14 - 42. What is the remainder when x is divided by 5?
2
What is the remainder when 118 is divided by (-47 - -76) + 3 + 0?
22
Suppose q + 28 = 4*i, 5*i - 21 = -3*q - 3. What is the remainder when 9 is divided by i?
3
Suppose 3*m = -x - 124, m + 22 + 16 = -2*x. Let b = -30 - m. Calculate the remainder when 57 is divided by b.
9
Suppose 19*a + 2*v + 320 = 24*a, a = -4*v + 42. Calculate the remainder when 236 is divided by a.
50
Let o = 38 + -34. Suppose -o*p - 3*i + 102 = -5*p, 2*p = i - 204. What is the remainder when (-1)/((-303)/p - 3) is divided by 18?
16
Suppose a = 5*y + 2*a - 499, 2*y + 2*a - 206 = 0. Let k(v) = 4*v**2 - 189*v + 67. What is the remainder when y is divided by k(47)?
19
Let y = -57 - -63. Suppose -y*t + 111 = -3*t. What is the remainder when 109 is divided by t?
35
Let j = -345 - -418. Calculate the remainder when 109 is divided by j.
36
Calculate the remainder when 4404/36 - 4/3 is divided by 31.
28
Let l(y) = 3*y**3 - 3*y**2 - 2*y + 80. Calculate the remainder when l(0) is divided by 17.
12
Let w(f) = f**2 + 11*f - 23. Let k be w(-13). Let h(q) = 9*q**2 - q - 2. Calculate the remainder when h(k) is divided by 21.
13
What is the remainder when 522 is divided by (-1 - 12) + (20 - -82)?
77
Let l(u) = u**3 - u**2 + 20*u + 27. What is the remainder when 28 is divided by l(0)?
1
Suppose -f + 3*w + 105 = 0, 11*f = 8*f + 4*w + 315. What is the remainder when f is divided by 54?
51
Let y(z) = 38*z. Let r(s) = s + 1. Let p(f) = -r(f) - y(f). Suppose 0 = -2*a - a - 3. Calculate the remainder when p(a) is divided by 13.
12
Let o = -44 - -143. Let m = 14294 - 14277. What is the remainder when o is divided by m?
14
Calculate the remainder when 184 is divided by (-1)/(3/(-3)) - (-11 + 1).
8
Let r(a) = a**3 + 18*a**2 - 22*a - 36. Suppose -76 = 30*g - 26*g. What is the remainder when 62 is divided by r(g)?
20
Suppose 63 = t + 15. Suppose 2*q + q - 24 = 0. Suppose q*i - 32 = 104. Calculate the remainder when t is divided by i.
14
Let d be ((-333)/(-27))/((-2)/(-6)). Let g = 110 - d. What is the remainder when g is divided by 15?
13
What is the remainder when 107 is divided by (-306)/(-10) + (-15 - (-576)/40)?
17
Calculate the remainder when (1*55/10)/(2/40) is divided by 49.
12
Let u = 16 + -8. What is the remainder when -2 + 1 + 1 - -54 is divided by (u - 13) + 0 + 33?
26
Let k be (-216)/(-63) - 8/(-14). Calculate the remainder when 16 is divided by (-40)/(k/(-1)) - 3.
2
Suppose 68 - 31 = h. Let w = 14 - h. Let z = 27 + w. Calculate 